 76 is divided by l.
24
Let x = -5 + 17. Suppose 0 = -3*s - 3*t + x, -s + 5*t = -0*s - 10. Calculate the remainder when 13 is divided by s.
3
Let z be 6/((-8)/(-3) - 2). Suppose 3 = -2*v + z. What is the remainder when v is divided by 2?
1
Let v(q) be the second derivative of q**4/6 - 5*q**3/6 + 2*q**2 - 2*q. Let c(w) = 2*w**2 + 2*w. Calculate the remainder when v(3) is divided by c(-2).
3
Let h(n) = 9*n**2 - 4*n + 7. What is the remainder when h(-3) is divided by 26?
22
Calculate the remainder when (-15)/(-5)*1 - -22 is divided by 16.
9
Suppose h + 9 + 27 = 0. Let v = -17 - h. Calculate the remainder when 75 is divided by v.
18
Let n = -32 + 62. Let l(m) = -m**3 - 5*m**2 + 4*m + 4. What is the remainder when n is divided by l(-6)?
14
Suppose 4*p + 2 = -10. Calculate the remainder when 3*p/9 - -40 is divided by 21.
18
Suppose 73*x - 117 = 72*x. Calculate the remainder when x is divided by 20.
17
Suppose 0 = -4*x + 2*r + 240, 6*x - 216 = 2*x - 4*r. What is the remainder when x is divided by 20?
18
Suppose 3*p + 4 = -5. Let k = 27 - p. Calculate the remainder when 118 is divided by k.
28
Let h be 4 + -2 - (2 - 5). Suppose 0 = 3*y - h - 16. Calculate the remainder when 25 is divided by y.
4
Let y(f) = -f**3 + 6*f**2 + 13. Let r be (-42)/(((-6)/4)/3). Suppose -6*o + 2*o = -r. What is the remainder when y(3) is divided by o?
19
Suppose -v + 4*f - 3 = -64, -3*v = f - 131. Calculate the remainder when v is divided by 32/2 - (0 - 0).
13
Suppose -j + 68 = 3*j. Suppose 6*b = 3*c + b + 26, -8 = -2*b. Calculate the remainder when j is divided by c/(-8) - (-105)/12.
8
Let x = 37 + -29. Suppose -k - 150 = -6*k - 3*y, 0 = 5*y. What is the remainder when k is divided by x?
6
Let t be (8/2)/4 + 25. Let r be -8*(-1 - -2) - -1. Let w = r + t. What is the remainder when w is divided by 10?
9
Suppose -p + 2*p = 112. Suppose 2*h - 6*h = -p. What is the remainder when h is divided by 15?
13
Suppose 2*m - 148 = 4*o - 0*m, 3*m = 2*o + 66. Suppose -5*p + 58 = 4*x, -2*p - 4*x = p - 38. Let j = p - o. What is the remainder when j is divided by 17?
15
Let a(i) = i**2 + 7*i + 3. Let q be a(-7). Suppose -2*v = -2*r - 74, -q*r + 16 = -7*r. What is the remainder when v is divided by 17?
16
Suppose 0 = 4*o - 3*o - 12. Suppose -v + o = d - 1, -22 = -v + 2*d. What is the remainder when 46 is divided by v?
14
Suppose -2*n - 5*a + 2 = 9, n - 5*a - 34 = 0. Let v(q) = q**3 - 10*q**2 + 11*q - 8. Calculate the remainder when 28 is divided by v(n).
8
Suppose 5*m = 25 + 30. Let p be 6/(-15) - (-44)/10. Suppose 4*u - b = -u + 29, 0 = -4*b + p. What is the remainder when m is divided by u?
5
Let c be 3*((-24)/(-9))/4. Suppose 0 = c*h + f - 6, 5*f - 5 + 2 = -h. Calculate the remainder when 55 is divided by (3/6)/(h/84).
13
Let f(p) = -2*p**3 + 6*p**2 + 4*p - 3. Let o be f(-4). Let t be (0 + 0)/(5 - 3). Suppose 5*q + t*q - o = 0. Calculate the remainder when q is divided by 14.
13
Suppose 93 = 5*y - 2*y. What is the remainder when 90 is divided by y?
28
Let x = -12 + 2. What is the remainder when 14 is divided by x/(-3)*(-3)/(-2)?
4
Suppose -3*q + 198 = 6*q. Calculate the remainder when 85 is divided by q.
19
What is the remainder when (-13)/(-26)*(-146)/(-1) is divided by 15?
13
Let j = 14 + -11. Suppose -3 - 30 = -j*v. What is the remainder when v is divided by 7?
4
Suppose -4*i + 9*i = 60. Let r = 23 - i. Let p = 22 - r. What is the remainder when 20 is divided by p?
9
Suppose -5*p - 2 = v + 3, -5*v - 25 = 4*p. Suppose p*t = -3*t + 27. What is the remainder when 25 is divided by t?
7
Let f be 2*2*(-21)/6. Let j = 37 + f. Suppose -y - 2 = -10. What is the remainder when j is divided by y?
7
Suppose 45 = 5*r - 20. Calculate the remainder when 23 is divided by r.
10
Let c = 60 - 40. Let z = -114 + 193. What is the remainder when z is divided by c?
19
Calculate the remainder when -12 + 69 + -4 + 0 is divided by 18.
17
Let i = 109 + -101. Calculate the remainder when i is divided by 7.
1
Let h(x) = x**3 - 8*x**2 + 5*x - 6. Let u be h(7). Let i = u - -90. What is the remainder when i is divided by 18?
16
Suppose 61 = -t + 169. Calculate the remainder when t is divided by 37.
34
What is the remainder when 34 is divided by (-16)/6*180/(-24)?
14
Let f(w) = 11*w. Calculate the remainder when (-678)/(-21) - 2/7 is divided by f(1).
10
Suppose 5*q - 287 - 5 = 2*a, 5*a + 5 = 0. Calculate the remainder when q is divided by 12.
10
Let s = 8 - 8. Suppose s = -0*i - i + 14. What is the remainder when 53 is divided by i?
11
Let p be (3 + -6)*(1 - 2). Let w = 20 + 0. Suppose 0 = i + p*i - w. What is the remainder when 8 is divided by i?
3
Suppose 5*t - 4 = 3*i, -3*i + 24 = -i + 2*t. Suppose 0 = 4*f - g - 46, 0 = -2*f - 2*f - 4*g + 56. What is the remainder when f is divided by i?
5
Let l(g) = -g**3 - 3 - 5 + 2*g + 2*g**3 + 9*g**2 - g**2. What is the remainder when l(-7) is divided by 15?
12
Let s = -9 - -23. Suppose -2*w + 19 = 1. What is the remainder when s is divided by w + 1 - (-4)/(-2)?
6
Suppose 0 = 2*h + 3*s - 38, -4*h + 8 = 3*s - 68. Calculate the remainder when 54 is divided by h.
16
Let q(s) = -9*s + 2. Suppose -3*x + 4*f + 24 = -x, -4*x - 5*f + 35 = 0. Calculate the remainder when q(-3) is divided by x.
9
Let v = 55 - 28. Let u = 60 - v. Calculate the remainder when u is divided by 18.
15
Let u(b) = -7*b + 7. Let t = 13 - 8. Let f be u(t). Let x = -10 - f. What is the remainder when x is divided by 10?
8
Let w(q) = -4*q - 2. Let c(x) = 2*x**3 + 2*x**2 - 2*x - 2. Let z be c(-2). Let d be w(z). Let g = d + -12. Calculate the remainder when 19 is divided by g.
9
Suppose 5*h - 5*g - 50 = 0, 4*h - g = h + 28. Calculate the remainder when 33 is divided by h.
6
Let v = 119 + -107. What is the remainder when 17 is divided by v?
5
Suppose -c - 1 = -2*c. Let u(a) = a**2 - 5*a + 6. Let j be u(4). Calculate the remainder when (-6)/9*(-1 - j) is divided by c.
0
Let m(d) = 2*d - 1. Let l be 1/(2/(16 + -2)). Suppose -2*f = -l*f + 125. Calculate the remainder when f is divided by m(7).
12
Suppose 1352 = 9*k - 70. Calculate the remainder when k is divided by 20.
18
Let c(r) be the second derivative of -r**5/20 + 7*r**4/12 - r**3/3 + 3*r**2/2 + 3*r. Calculate the remainder when c(6) is divided by 14.
13
Suppose 2*z = -2*y + 262, y + 15 = -2*y. Suppose -7*o = -2*o - 3*n - 227, z = 3*o - 2*n. Calculate the remainder when o is divided by 12.
10
Let y(u) = -u + 21. Let t = -4 - 9. Let j = t + 26. Calculate the remainder when y(-17) is divided by j.
12
Let g = 33 - 30. What is the remainder when 3 is divided by g?
0
Let z = 28 - 20. Let i(x) be the first derivative of x**3/3 - 5*x**2/2 - 6*x - 2. Calculate the remainder when i(z) is divided by 10.
8
Suppose -49 = -g + 5*p, -3*p + 0*p = g - 33. Suppose -2*o + g = -5*u - 0*o, -3*u - 11 = 5*o. Let y = 11 + u. Calculate the remainder when 10 is divided by y.
2
Let k(p) = p**3 - 10*p**2 + 16. What is the remainder when 63 is divided by k(10)?
15
Let z = 7 + 3. What is the remainder when 89 is divided by z?
9
Let n(s) = s + 15. Calculate the remainder when n(14) is divided by 8.
5
Let s(m) = 20*m - 22. Let l(g) = -8*g + 9. Let y(v) = -12*l(v) - 5*s(v). Let k be y(-3). Suppose -k - 13 = -3*h. What is the remainder when 25 is divided by h?
7
What is the remainder when 17 is divided by 1/(-2) - 130/(-20)?
5
Let d(u) = -16*u - 1. Suppose 0 = 4*n - n + 3. What is the remainder when 59 is divided by d(n)?
14
Let v(h) = 25*h**2 + h + 10*h**2 + 10*h**2 + h**2. Let z be v(-1). Suppose -3*w - z = -8*w. What is the remainder when 16 is divided by w?
7
Let u(d) be the first derivative of -d**4/4 - d**3/3 + 3*d**2/2 - 3*d + 1. Suppose -2*v - 3 = -v. What is the remainder when u(v) is divided by 3?
0
Let n(t) = t**3 - 7*t**2 - 12*t + 10. What is the remainder when n(9) is divided by 22?
20
Let b(a) = -101*a**3 + 2*a**2 - 1. Calculate the remainder when b(-1) is divided by 26.
24
Let i = -9 - -12. What is the remainder when 6 is divided by i?
0
Suppose -71 = -2*g + 3*l, 5*l - 61 - 50 = -2*g. Let s = 0 - 2. What is the remainder when g is divided by 15/s*(-4)/2?
13
Let k be 2/10 + (-133)/(-35). Suppose k*c - 6*c = -10. Calculate the remainder when 13 is divided by c.
3
Let i = 0 - -33. Calculate the remainder when i is divided by 10.
3
Suppose 4*n - 88 = 4*l - 0*l, 46 = n + 5*l. Calcul